043024?
2210043434
In base 12, what is -8 + 189363?
189357
In base 6, what is 102015 - 350054?
-244035
In base 5, what is -4 - 34042431213?
-34042431222
In base 5, what is -2 + -103201104?
-103201111
In base 11, what is 1a251 + -9710?
10641
In base 6, what is 12525 - -515501?
532430
In base 14, what is 1264845 + 8?
126484d
In base 12, what is -18a236 - 18?
-18a252
In base 12, what is -62bb08 + -2a?
-62bb36
In base 14, what is -5c90cb + 2b?
-5c90a0
In base 2, what is -111100000010011111000 + -101000000?
-111100000011000111000
In base 7, what is -233 - 552606?
-553142
In base 10, what is 821546 - -99?
821645
In base 13, what is -4483 + -1b16?
-6299
In base 4, what is -12023230032 + 311?
-12023223121
In base 7, what is 650312501 + -5?
650312463
In base 5, what is -1111034044 - -1?
-1111034043
In base 16, what is -294c9 - 53?
-2951c
In base 9, what is 42 + 4443?
4485
In base 7, what is 2 + 3546216?
3546221
In base 10, what is -102 + -1835866?
-1835968
In base 2, what is 11000010111101101101111100 + 111?
11000010111101101110000011
In base 15, what is 25 + 49ee58?
49ee7d
In base 13, what is 65c54 - -2003?
67c57
In base 13, what is 5775 + -71?
5704
In base 11, what is 62 + -93904a?
-938a98
In base 7, what is 34351 - -343?
35024
In base 5, what is -2 - -4102420014?
4102420012
In base 13, what is 1b3 - -7499?
767c
In base 14, what is 275 - -130b?
1582
In base 13, what is 980c7b + -5?
980c76
In base 10, what is 4 - -88744866?
88744870
In base 6, what is 12541 + 4121151?
4134132
In base 13, what is -1 - 784c876?
-784c877
In base 8, what is 32 - -50174101?
50174133
In base 9, what is -43181784 + -7?
-43181802
In base 8, what is 166064 - 1204?
164660
In base 3, what is -20001202022021 + -20010?
-20001202112101
In base 9, what is -6 - 704521?
-704527
In base 12, what is 1 + -a4b353?
-a4b352
In base 10, what is 4159 + -3251?
908
In base 5, what is 124 - -101022210?
101022334
In base 11, what is 0 - 14a760a2?
-14a760a2
In base 15, what is 2b51 + -9c83?
-7132
In base 10, what is -308 - 1717?
-2025
In base 2, what is 10 + -1011110000110001010?
-1011110000110001000
In base 11, what is -279877 + 1?
-279876
In base 9, what is 18548457 + -1?
18548456
In base 15, what is d027ba - 4?
d027b6
In base 5, what is -102 - 3111434?
-3112041
In base 8, what is -1655701545 + 2?
-1655701543
In base 9, what is 3127318 + 21?
3127340
In base 13, what is 24 - -675b0?
67604
In base 12, what is -12 + -2a0465?
-2a0477
In base 12, what is -64 + 3b3215b?
3b320b7
In base 5, what is 20131421 - 132?
20131234
In base 14, what is 18c188d + 2d?
18c18bc
In base 15, what is -38 - -d8a8a?
d8a52
In base 4, what is 1033023031 + 3212?
1033032303
In base 8, what is -5 - 51305302?
-51305307
In base 3, what is 111212101102 + 2?
111212101111
In base 16, what is 190437 + 3a?
190471
In base 10, what is -147 + 231817?
231670
In base 10, what is -3 - 533177?
-533180
In base 3, what is -12 - 122110001111020?
-122110001111102
In base 10, what is -125400 - 112?
-125512
In base 16, what is 9a65 + -f1?
9974
In base 8, what is 253 - -404201?
404454
In base 12, what is -22 + -ba7a2b?
-ba7a51
In base 5, what is 44 + 22400013024?
22400013123
In base 7, what is 340 + -5450500?
-5450130
In base 9, what is -27466 - -314?
-27152
In base 10, what is -3372 - 530016?
-533388
In base 16, what is 77d0d - -13f?
77e4c
In base 11, what is -2 - 76a35a?
-76a361
In base 4, what is -1030 + 233212113?
233211023
In base 10, what is 18597 - 2069?
16528
In base 2, what is -1101101100101010 - 10111011000011?
-10000100111101101
In base 2, what is 101 - 1101000011100101110001011?
-1101000011100101110000110
In base 15, what is -adc420 + 0?
-adc420
In base 8, what is -4241733 + -4?
-4241737
In base 4, what is 30022320332 - 10?
30022320322
In base 6, what is -10201232 - 32?
-10201304
In base 15, what is -4cab - -b75?
-4136
In base 11, what is 64228741 - 1?
64228740
In base 13, what is -1bb40 + 52c?
-1b611
In base 15, what is 3ea9 + -2be?
3bda
In base 16, what is -5 + -1a1a2c9?
-1a1a2ce
In base 4, what is 110332113303 - -22?
110332113331
In base 16, what is 9140b - 222?
911e9
In base 9, what is 122 - -1662?
1784
In base 2, what is -11111101101011101110 - -100?
-11111101101011101010
In base 6, what is 1112342500 - -1?
1112342501
In base 9, what is 4363 + 866?
5340
In base 10, what is 100 - -101239?
101339
In base 14, what is 59 - 32772?
-32717
In base 9, what is 1112416 + 412?
1112828
In base 4, what is 202 - 21313322?
-21313120
In base 13, what is 3121664 + 5?
3121669
In base 5, what is 133031434 - 1302?
133030132
In base 15, what is -4 + 348cd93?
348cd8e
In base 5, what is 204212 + -1123224?
-414012
In base 9, what is 30506 + 4056?
34563
In base 8, what is -622 - -37602?
36760
In base 9, what is 887723 - 5?
887717
In base 14, what is 3 + 7b572b?
7b5730
In base 9, what is 7 - 2811688?
-2811681
In base 16, what is -182 - -6c3c?
6aba
In base 3, what is 10000212222021 + -122?
10000212221122
In base 5, what is 142223414 - 4024?
142214340
In base 11, what is -1 - -3094874?
3094873
In base 16, what is 6 + -13ae1e1?
-13ae1db
In base 2, what is 10011101111 - 111001010110100?
-110110111000101
In base 11, what is -127 - -293707?
293590
In base 7, what is -11434111 - -2?
-11434106
In base 14, what is 1b4121 + -2?
1b411d
In base 10, what is -120343 + -354?
-120697
In base 2, what is -10011101111101011 - 11100100?
-10011110011001111
In base 15, what is -be3123 + 2?
-be3121
In base 15, what is 372512 + 1?
372513
In base 16, what is -b4be9 + -42?
-b4c2b
In base 15, what is -9 + a0950?
a0946
In base 11, what is -7055275 - 2?
-7055277
In base 13, what is -10ab - 3c981?
-40a5c
In base 16, what is -107 - c087?
-c18e
In base 4, what is 3001310 + 11001?
3012311
In base 2, what is 11010111 - 11000000011011011?
-11000000000000100
In base 9, what is 2775575 - 22?
2775553
In base 7, what is -11634151 - -2?
-11634146
In base 8, what is -16 + -1570153?
-1570171
In base 11, what is 132 - 85411?
-8528a
In base 3, what is -2010200 + 12020002210?
12010222010
In base 14, what is 14b70 + 11?
14b81
In base 15, what is 49 - -5484e?
54898
In base 10, what is 205 - 378874?
-378669
In base 16, what is -593af1f - 5?
-593af24
In base 2, what is 100010110100 - 11001111101010100?
-11001011010100000
In base 14, what is -b59d3 - 5d3?
-b61c6
In base 5, what is -13014 - 423333?
-441402
In base 8, what is -6623 + 730260?
721435
In base 12, what is -18754674 - -4?
-18754670
In base 3, what is 22120110001102 - 10?
22120110001022
In base 10, what is -33467 - -974?
-32493
In base 4, what is 10 - 11201023210?
-11201023200
In base 13, what is 116 + -c0b2ba?
-c0b1a4
In base 15, what is 2b16712 - -4?
2b16716
In base 10, what is -282684855 + -5?
-282684860
In base 5, what is -331120403 - -31?
-331120322
In base 10, what is 627696 - -5?
627701
In base 3, what is 20100120121 + 22?
20100120220
In base 4, what is -23021 + -3231003?
-3320030
In base 12, what is 3 + -12924260?
-12924259
In base 3, what is 220212022011 - 1101012?
220210220222
In base 13, what is 2832 + c0c0?
11922
In base 7, what is 3633400425 + -5?
3633400420
In base 6, what is -1353540410 + 3?
-1353540403
In base 12, what is -106a + 14075?
13007
In base 2, what is 10011111110110110000111111 + -11?
10011111110110110000111100
In base 10, what is 2 + 319136?
319138
In base 7, what is -10216 + 15506?
5260
In base 4, what is -1313331021 + 31312?
-1313233103
In base 8, what is -2 - 13042230?
-13042232
In base 12, what is -1089010 + 17?
-1088bb5
In base 10, what is 4651 + 21442?
26093
In base 9, what is -7871 - 127277?
-136258
In base 3, what is 101220122 + -111002?
101102120
In base 6, what is 31 + 304425221?
304425252
In base 8, what is -1330 + -157120?
-160450
In base 3, what is 110200012222020 - -21?
110200012222111
In base 15, what is 17 - -8c3c5?
8c3dc
In base 12, what is 2831 + 271?
2aa2
In base 6, what is 212210531120 + 2?
212210531122
In base 11, what is -3681 - -678?
-3004
In base 13, what is 1a4cc4b + -46?
1a4cc05
In base 16, what is -18a - 12794?
-1291e
In base 10, what is -766 + 73939?
73173
In base 2, what is 1010000101011 - -111110011111?
10001111001010
In base 5, what is -120430 + 21012?
-44413
In base 3, what is 1 + 1011022110112201?
1011022110112202
In base 16, what is 0 - -858262e?
858262e
In base 10, what is 5 - -37